alculate the highest common factor of 756120 and 360.
120
Calculate the highest common factor of 697 and 271133.
697
What is the highest common divisor of 1480 and 32745?
185
What is the greatest common factor of 390 and 11814699?
39
Calculate the highest common factor of 708 and 650284312.
236
Calculate the highest common factor of 32 and 9424696.
8
What is the highest common divisor of 73008 and 79258296?
4056
Calculate the highest common factor of 5920 and 173596600.
1480
Calculate the highest common factor of 118 and 181594.
2
Calculate the highest common factor of 1717898544 and 1296.
1296
What is the highest common factor of 90 and 75705210?
90
Calculate the highest common factor of 1315852 and 21020.
4204
Calculate the highest common factor of 574411 and 52447.
179
Calculate the greatest common divisor of 251810997 and 2478.
177
What is the greatest common divisor of 2472437 and 132397?
3079
Calculate the greatest common divisor of 1610 and 2894395.
35
Calculate the highest common divisor of 2867 and 14285041.
61
Calculate the highest common divisor of 3450 and 12849180.
690
What is the highest common factor of 2174634 and 2838?
66
Calculate the greatest common factor of 564088 and 145339.
1439
What is the highest common divisor of 273698375 and 250?
125
What is the greatest common factor of 65351 and 77?
11
What is the highest common factor of 858 and 60667035?
429
What is the highest common divisor of 576 and 1038208?
64
Calculate the greatest common divisor of 46995066 and 162.
162
What is the highest common divisor of 299848 and 4671956?
4052
Calculate the highest common factor of 376 and 13625676.
188
What is the highest common divisor of 23985 and 29783?
13
What is the greatest common factor of 13749170 and 3680?
230
Calculate the highest common divisor of 4933698 and 4422.
66
Calculate the greatest common factor of 150072653 and 1852.
463
What is the highest common divisor of 209 and 893068?
11
What is the greatest common factor of 4821 and 20699767?
1607
What is the highest common factor of 98 and 28782698?
98
Calculate the highest common factor of 71414995 and 7881.
2627
What is the greatest common divisor of 3423859903 and 643?
643
Calculate the greatest common factor of 252 and 3983952.
84
What is the greatest common factor of 17832934 and 42?
14
What is the greatest common factor of 15562 and 3082531?
251
Calculate the greatest common divisor of 488824 and 1189.
29
Calculate the greatest common factor of 745938 and 1583332.
2858
What is the greatest common divisor of 5536 and 503584?
32
Calculate the highest common factor of 812 and 89838259.
203
What is the highest common factor of 101493 and 230194?
179
Calculate the highest common divisor of 942 and 339447345.
471
What is the highest common factor of 105 and 159770730?
105
Calculate the highest common factor of 763445 and 2140.
535
Calculate the greatest common factor of 144724 and 437156.
1492
Calculate the greatest common divisor of 517653 and 36047.
113
Calculate the greatest common factor of 11 and 151813926.
11
Calculate the greatest common divisor of 34947085 and 940.
235
Calculate the greatest common factor of 39704 and 98840.
56
Calculate the greatest common divisor of 7329 and 419149.
349
Calculate the highest common factor of 217 and 355291.
31
What is the greatest common factor of 702 and 13429368?
54
What is the greatest common factor of 2669561 and 26523?
421
Calculate the greatest common divisor of 20009378 and 205202.
4366
Calculate the greatest common factor of 66829418 and 88382.
12626
What is the highest common divisor of 212957 and 81729193?
9259
What is the highest common factor of 393275706 and 9810?
654
Calculate the highest common divisor of 207121821 and 11673.
3891
Calculate the highest common factor of 8491974 and 192014.
6194
What is the greatest common factor of 1093689 and 9369?
27
Calculate the highest common factor of 54 and 42686298.
54
Calculate the greatest common factor of 576146 and 188.
2
Calculate the highest common factor of 3732053 and 4173.
1391
What is the highest common factor of 21119028 and 147?
21
Calculate the greatest common factor of 6198818 and 2.
2
What is the highest common divisor of 83842 and 594722?
206
Calculate the greatest common divisor of 22662108 and 2331952.
12404
What is the greatest common factor of 3290481 and 38142?
1467
Calculate the highest common divisor of 2088428 and 12878.
274
What is the greatest common factor of 335663467 and 1814?
907
Calculate the greatest common divisor of 31977 and 19296343.
3553
What is the highest common factor of 120621625 and 125?
125
Calculate the greatest common factor of 40 and 123695272.
8
What is the greatest common factor of 3429690 and 770?
110
What is the highest common divisor of 6493896 and 76?
76
Calculate the highest common factor of 440096 and 328.
8
Calculate the highest common factor of 16176 and 2496.
48
Calculate the highest common divisor of 48427625 and 17625.
5875
What is the greatest common divisor of 351 and 3409749?
27
Calculate the greatest common divisor of 3335 and 1476071.
667
What is the highest common divisor of 365135 and 3296?
103
What is the highest common divisor of 11848274 and 1647?
61
What is the greatest common divisor of 30077601 and 4476?
1119
What is the greatest common factor of 68032 and 15552?
64
What is the greatest common factor of 5412 and 6597556?
164
Calculate the greatest common factor of 20212410 and 30.
30
Calculate the greatest common factor of 143100 and 33496.
212
Calculate the highest common divisor of 2253661117 and 323.
323
Calculate the highest common factor of 743 and 62383023.
743
Calculate the greatest common factor of 21 and 5463847977.
21
Calculate the greatest common factor of 7808771 and 445.
89
Calculate the greatest common factor of 1547958101 and 4427.
4427
Calculate the highest common factor of 3379129 and 11479.
13
What is the greatest common divisor of 36470580 and 240?
60
What is the greatest common factor of 4 and 31329878?
2
Calculate the highest common divisor of 52172555 and 415.
415
What is the highest common divisor of 8426 and 40023883?
383
Calculate the greatest common factor of 45474 and 271843.
143
Calculate the highest common divisor of 67138278 and 846.
282
Calculate the highest common factor of 19 and 149273443.
19
What is the greatest common factor of 16740800 and 7120?
80
Calculate the greatest common divisor of 13494504 and 64.
8
What is the highest common divisor of 21 and 218281574?
7
Calculate the highest common factor of 1444 and 119213752.
1444
Calculate the greatest common divisor of 21280896 and 26390.
5278
What is the greatest common divisor of 946778958 and 20763?
6921
What is the greatest common divisor of 63 and 167822095?
7
What is the greatest common divisor of 55132656 and 96?
48
Calculate the greatest common factor of 362825 and 115575.
575
What is the greatest common divisor of 643414428 and 2916?
972
What is the highest common factor of 78 and 41488434?
78
What is the greatest common divisor of 2098 and 1958883718?
2098
What is the greatest common factor of 246981 and 173939?
619
Calculate the highest common factor of 541136 and 8432.
496
Calculate the highest common factor of 123335 and 710.
5
What is the highest common divisor of 153 and 3393360?
9
What is the highest common divisor of 50246 and 69116?
74
What is the highest common divisor of 488744151 and 2121?
2121
What is the highest common divisor of 257828984 and 8?
8
Calculate the greatest common factor of 13490 and 2904610.
710
What is the highest common factor of 735797 and 609358?
557
What is the highest common divisor of 24 and 4765976?
8
What is the greatest common factor of 44 and 92032028?
44
What is the highest common factor of 66430868 and 686?
686
What is the greatest common divisor of 34634832 and 1968?
1968
Calculate the highest common divisor of 5133102 and 416.
26
Calculate the greatest common factor of 15 and 20493270.
15
What is the highest common factor of 2103933520 and 1040?
1040
Calculate the highest common factor of 119313 and 137133.
81
Calculate the greatest common divisor of 3282100 and 109879.
1427
Calculate the greatest common divisor of 29 and 58008439.
29
What is the greatest commo